t s(p) = p**2 - 4. Let r be s(2). Suppose r*a = 7*a - 567. What is the remainder when a is divided by k?
25
Let t(c) = 2*c**2 + 9*c - 13. Calculate the remainder when t(-9) is divided by (-3 + 12/8)*-12.
14
Let x(a) = 2*a**3 + 7*a**2 + 13. Let z be x(-4). Calculate the remainder when -2 + z + 2 + 234/6 is divided by 13.
10
What is the remainder when 142 + -6 + 0 - 3 is divided by 28?
21
Let o(d) = 9*d**3 - d**2 - 3*d - 3. Let j be o(-2). Let k = j - -468. Suppose -k = -6*z + 37. What is the remainder when z is divided by 25?
22
Let d = -2 + 7. Suppose g - d*g + 40 = 0. Let a = 53 + -26. What is the remainder when a is divided by g?
7
Let m be 4/(-6)*1284/8. Let j = -70 - m. Let c = 20 - 7. Calculate the remainder when j is divided by c.
11
Calculate the remainder when 165 is divided by 3/((-4)/280*-10).
18
Let d(v) = v + 7. What is the remainder when d(2) is divided by 6?
3
Suppose 0*p + p = 5*y - 8, 6 = p + 2*y. Suppose -p*s = -14*s + 312. Let l = -5 - -20. Calculate the remainder when s is divided by l.
11
Suppose 3*r = -2*r + 380. Calculate the remainder when r is divided by (-4)/8 - 147/(-14).
6
Let w(p) = -p**3 + 13*p + 22. Let l be 309/6 - (-2)/(-4). Calculate the remainder when (-1)/(99/l + -2) is divided by w(-3).
7
Let b be 518/(-98) + (-4)/(-14). Calculate the remainder when b/(-10)*(264/(-3))/(-2) is divided by 14.
8
Suppose -16*t = -19*t + 66. What is the remainder when 86 is divided by t?
20
Let s = 37 - 47. Let o be ((-1679)/115)/(2/s). Suppose -3 - o = -4*b. What is the remainder when 93 is divided by b?
17
Suppose -7 = -z - 13*j + 11*j, 4*z + 2*j = 28. What is the remainder when 70 is divided by z?
0
Suppose 28 = p + 5. Suppose 0*g = -3*g + 9. Suppose 3*h - g = 12. What is the remainder when p is divided by h?
3
Let k = -576 - -671. Calculate the remainder when 851 is divided by k.
91
Suppose 4*x - 119 = 85. Let w(r) = -r**2 - 35*r - 115. What is the remainder when x is divided by w(-31)?
6
Suppose 0 = 8*o - 2*o - 54. Suppose 8*f - o*f = -3. Suppose -3*h + f + 6 = 0. Calculate the remainder when 10 is divided by h.
1
Let t be -3 + (-8)/(-12)*249. Let n = t + -81. What is the remainder when n is divided by 12?
10
Let k = -108 + 112. Suppose -4*f - 68 = -k*m + 2*m, 2*f = 2. What is the remainder when m is divided by 3?
0
Suppose 261 = 5*x + 5*b + 11, -136 = -3*x + 4*b. Calculate the remainder when 141 is divided by x.
45
Suppose 0*d = -2*d + 2*j + 52, 5*j - 8 = -d. Let l = 35 + 43. Calculate the remainder when l is divided by d.
9
Suppose 3*u + 72 = 6*v - 3*v, 0 = -3*u - 6. Let g = 1059 - 1053. Calculate the remainder when v is divided by g.
4
Let r be 1*71*(1 + -2). Let w = -43 - r. Let m(n) = -n**2 - 9*n + 471. Calculate the remainder when m(15) is divided by w.
27
Let c = 545 + -496. What is the remainder when 150 is divided by c?
3
Suppose 3*l - 5*h - 102 = 0, 7 = l - 2*h - 28. What is the remainder when l is divided by 11?
7
Suppose -l = 42 - 42. Suppose -4*r + 2*w = -226, l*w = 3*w - 9. What is the remainder when r is divided by 15?
13
Let r(l) = 2*l + 455*l**2 + 0*l + 10 + l**3 - 449*l**2. What is the remainder when r(-5) is divided by 7?
4
Let g(u) = -2*u**2 - 12*u + 1. Let s(w) = -w**2 - 7*w - 15. Let l be s(-2). What is the remainder when 14 + 2 - -1 - -2 is divided by g(l)?
8
Let c be (-51)/(-12) + 1/(-4). Suppose 35 = h + 5*k, 17 = -h + 4*k + 61. Calculate the remainder when 7 is divided by (1*h/c)/2.
2
Let j = 558 + -158. Calculate the remainder when j is divided by 2.
0
Let t(z) = -16*z**3 - 24*z**2 - 1. What is the remainder when 898 is divided by t(-2)?
30
Suppose 192 - 62 = 5*w. Suppose 0 = -3*i + 2*i + w. Calculate the remainder when ((-1)/(-3))/(1/303) is divided by i.
23
Let o be 4 + (2 - 1 - 3). Suppose -1 = o*n - 27. Calculate the remainder when 8/(-20)*1*-125 is divided by n.
11
Let p be 5/5 + 2/2. Suppose -2*b + 0*b = p*u - 44, -u - 5*b + 10 = 0. Calculate the remainder when u is divided by 16.
9
Let t = -48 + 132. What is the remainder when t is divided by 8?
4
Let h(c) = 4*c**2 - 5*c**2 - 3 - 8*c + 0 - 2. Let r be h(-5). Let z(v) = v**3 - 10*v**2 + v - 6. Calculate the remainder when 7 is divided by z(r).
3
Suppose 18*p - 156 = -12. Suppose -2*k = -k - 3*h + 8, 3*k - 5*h + p = 0. What is the remainder when 11 is divided by k?
3
Let c = 700 - 610. What is the remainder when 124 is divided by c?
34
Let i = -1181 + 1232. Calculate the remainder when 354 is divided by i.
48
Let p be 6*(3/(-10) - 1/5). Calculate the remainder when ((-26)/(1 + p))/((-4)/(-12)) is divided by 14.
11
Suppose -2*c + c = -3*x + 1, -2*c + 31 = 5*x. Let p(o) = 7*o. Calculate the remainder when p(c) is divided by 16.
8
Suppose -4*s = 8, 2*g - 3*s - 648 = -0*g. Calculate the remainder when g is divided by 12.
9
Let r(j) = 6*j - 1. Let u be r(1). Let z be u/((-15)/(-6))*-32. Calculate the remainder when z/12*(-18)/4 is divided by 13.
11
Suppose z - 2*z + 149 = 2*a, 0 = -3*a + z + 226. Suppose 5*q - 89 = -2*p + 31, -q + 5*p = -51. What is the remainder when a is divided by q?
23
Suppose 6 = -2*r + 3*r. Let l(b) = 4*b - r - b**2 + b**2 + b**2. What is the remainder when 27 is divided by l(3)?
12
Let z(q) = -2*q**2 + 26*q - 84. Let j(u) = u**2 - 13*u + 42. Let s(p) = 5*j(p) + 2*z(p). What is the remainder when 2 is divided by s(8)?
0
Suppose 0 = -5*g - 3*s, g - 9 = s - 1. Suppose 20 = 7*r + 3*r. Suppose -g*h = -3*t + 42, -t + 38 = 2*t - r*h. What is the remainder when 18 is divided by t?
8
Let j be (858 - -2)*(-5)/(-10). Let u be 5/20 + j/8. Let r = u + -31. What is the remainder when 89 is divided by r?
20
Let j = 11 + -13. Let a be j + -3*(-1 + -2). Suppose -a = -3*y + 5. What is the remainder when 10 is divided by y?
2
Suppose 0 = -4*z + 296 + 232. What is the remainder when z is divided by 90?
42
Let g(d) = -4*d - 18. Suppose 5 = t - 1. Let u be g(t). Let v = -31 - u. Calculate the remainder when 18 is divided by v.
7
Let z = -1098 - -1173. Calculate the remainder when 298 is divided by z.
73
Suppose 0 = -71*s + 65*s + 408. What is the remainder when s is divided by 10?
8
Suppose -2*v - 3*p = -0*v - 107, 0 = -p + 3. Suppose y = 2*n - 2*y - 20, -2*n - 3*y = -20. Calculate the remainder when v is divided by n.
9
Let m(l) = 10*l - 38. Let a be m(4). Suppose 0 = -a*d + 6*d - 60. Calculate the remainder when d is divided by 4.
3
Let k(y) = -y**3 - 3*y**2 - 4*y - 4. Let o be k(-2). Suppose 5*m + l - 182 = o, -l + 31 = m + l. Calculate the remainder when 184 is divided by m.
36
Suppose -3*o = -4*o + 5. Suppose 0 = o*s, 4*s = -4*r + 9*s - 44. Let g = -2 - r. Calculate the remainder when 16 is divided by g.
7
Calculate the remainder when (6 + 181)*(-1 - 3 - -6) is divided by 63.
59
Let y be (165/(-6))/((-1)/(-14)). Suppose 2*s - 5*g = -3*s + 50, -5*g = 10. What is the remainder when 8/(-10)*y/22 is divided by s?
6
Let q = 116 - 105. What is the remainder when 98 is divided by q?
10
Let d(s) = s**2 + 5*s + 26. Let j be d(13). Suppose 29*i = 19*i + j. What is the remainder when 59 is divided by i?
7
Let x = -88 - -52. Let s = -16 - x. What is the remainder when 78 is divided by s?
18
Let u(l) = 2*l + 5. What is the remainder when 43 is divided by u(9)?
20
Suppose -326 - 104 = -2*y. Calculate the remainder when y is divided by 27.
26
Suppose n - 395 = 304. Calculate the remainder when n is divided by 9.
6
Let r = 9 + -15. Let s be ((-6)/4)/(3/r). Suppose s*g = 26 + 46. What is the remainder when g is divided by 9?
6
Suppose -3*x = x - 112. Suppose 46 = 3*t + w, -2*t + 2*w + 0*w + x = 0. Suppose u = 4*b - 29, 2*b - t = u - 0. Calculate the remainder when 20 is divided by b.
6
Suppose -14*x - 1875 = -19*x. What is the remainder when x is divided by 42?
39
Suppose -4*a = -5*n + 542, -11 = 4*a + 1. What is the remainder when n is divided by 55?
51
Let p(l) = l**2 + 8*l - 9. Let h be p(-8). Let z = 24 + h. Suppose -3*c + 3*j = -39, z = 3*c - 4*j - 25. What is the remainder when c is divided by 5?
2
Suppose 0 = 14*a - 15*a - 27. Let p = -22 - a. Calculate the remainder when 48 is divided by p.
3
Let t(b) = b**3 - 5*b**2 + 12*b - 26. What is the remainder when 50 is divided by t(4)?
2
Let o be (0 - -1) + (-1 - 1) + 126. Let j be (-615)/12 + (-2)/(-8). Let b = j + o. Calculate the remainder when b is divided by 19.
17
Let f(r) = -17*r - 9. Let v be f